 by i?
15
Suppose 4*o - 3*c = -c + 32, c = 2. Suppose -11*v + o*v + 4 = 0. Suppose 2*b = 4*g - 39 + 7, g + v*b = 8. Calculate the remainder when 23 is divided by g.
7
Suppose -1143 = -3*z + 2*i + 3*i, -2*i = -4*z + 1510. What is the remainder when z is divided by 192?
184
Let p = 202 + -66. Let k = -29 + p. Calculate the remainder when k is divided by 12.
11
Let f = -867 + 863. What is the remainder when 3*(0 - (f + 170/(-15))) is divided by 2/(2 - 0) + 4?
1
Suppose 2*o + 2*r - 70 = 0, 5*o = -2*r + 6*r + 130. Let d(s) = -100*s + 704. Calculate the remainder when d(5) is divided by o.
24
Let j = -25901 - -25905. Let l(n) = n**3 + 10*n**2 + 4*n + 14. Let t be l(-10). What is the remainder when (-1)/(3/3)*t is divided by j?
2
Suppose 2*q + 11 - 308 = -3*w, 4*q = -w + 569. What is the remainder when 2545 is divided by q?
7
What is the remainder when (-29 - -34 - (8 + -1))*-196 is divided by 11?
7
Let p(i) = -2*i**2 - i**3 - 2 - 3*i + 0*i**2 + 8*i**2 - 12*i**2. Let z be p(-4). Let c = z + 50. What is the remainder when 80 is divided by c?
24
Suppose 5*v + 0*b = -4*b - 198, 4*v - 5*b + 183 = 0. Calculate the remainder when (0 + -2)*-1 - -22 is divided by (v/(-49))/((-492)/126 - -4).
6
Let s = -1307 - -1345. Suppose 27 - 3 = 4*n. Calculate the remainder when s is divided by n.
2
Let o = 19753 + -17517. What is the remainder when o is divided by 51?
43
Let c be -7 + 8/(16/146). Suppose -c*w = -69*w + 126. Calculate the remainder when w is divided by 21.
0
Suppose -3*h = o + 14 + 92, o = h + 42. Let c = h - -58. Let u = c - 13. What is the remainder when u is divided by 4?
0
Let d(u) = u**2 + 44*u + 129. Let z = -594 + 553. Calculate the remainder when 60 is divided by d(z).
0
Calculate the remainder when 264 is divided by (24/(-9) + -15)*(-4 - -1).
52
Let d be -1 - 9/((-36)/16). Suppose d*w - 665 = -4*w. What is the remainder when w is divided by 32?
31
Calculate the remainder when 517 is divided by 32/28*(-138)/(-8) - (-6)/21.
17
Let c = 146 + -111. What is the remainder when 7/(c/300) + 3 is divided by 5?
3
Let v = -2476 - -2569. What is the remainder when 346 is divided by v?
67
Suppose -184*a + 913 = -173*a. Suppose -9*u + 1055 - a = 0. Calculate the remainder when u is divided by 11.
9
Let o(r) = 67*r - 11. Suppose 0 = c + 3, -3*c - 18 = -3*v - 3. Calculate the remainder when o(v) is divided by 65.
58
Let y be (-1)/(((-10)/2)/(-10)). Let v(t) = -7*t - 10. Let f be v(y). Suppose 130 = f*x - 254. Calculate the remainder when x is divided by 25.
21
Let c(s) = 2*s**2 + 13*s - 76. Suppose -10*w + 12 = -38. What is the remainder when 270 is divided by c(w)?
36
Let b(d) = -2*d**2 + 92*d - 139. What is the remainder when b(44) is divided by 34?
3
Let w(j) = -9*j - 59. Let n be w(-7). Suppose 0 = -5*p + 20, 0*s - n*p + 167 = s. What is the remainder when s is divided by 26?
21
Let m(o) = -o**3 - 9*o**2 + 31*o + 294. What is the remainder when 251 is divided by m(-10)?
83
Let o = -16867 - -30478. Calculate the remainder when o is divided by 332.
331
Let a(g) = 14*g + 2. Let z be a(-1). Calculate the remainder when (1 + -2)/(z/708) is divided by 15.
14
Let y = -467 - -478. Suppose -5*t - 7*s + 2*s = -15, 1 = t + 3*s. Suppose a - 25 = -t*a. Calculate the remainder when y is divided by a.
1
Suppose -8*y + 541 = -5*y - 5*f, 4*f + 539 = 3*y. Calculate the remainder when y is divided by 15.
12
Suppose -2*h - 2*n = -14, n = 4*h - 3*h - 3. Suppose 0 = h*x + 69 - 174. What is the remainder when 145 is divided by x?
19
Suppose -2*r + 149 = 3*i + 2*r, 2*i = -2*r + 102. Suppose -4*y - y + 222 = -t, 34 = y + 5*t. Calculate the remainder when i is divided by -3 + y/16 - 462/(-24).
17
Let l = -143 + 101. What is the remainder when 55 is divided by (-12)/l - 234/(-14)?
4
Let v(q) = 6*q**3 - q**2 - 3*q + 12. Let l(y) = -5*y**3 + 4*y - 13. Let d(p) = -5*l(p) - 4*v(p). What is the remainder when d(-5) is divided by 21?
11
Let k(a) = 3*a**2 - 23*a + 16. Let m be k(17). What is the remainder when m/20 + (-3)/5 is divided by (1/((-3)/(-39)))/1?
11
Suppose -479 = -2*r + 3*i, 259*r - 9*i - 985 = 255*r. Calculate the remainder when 633 is divided by r.
181
What is the remainder when 209 is divided by (13/(5 - 18))/((-1)/101)?
7
Let p = 9823 - 8621. Calculate the remainder when p is divided by 28.
26
Suppose 27*k - 2081 - 13255 = 0. Calculate the remainder when 337 is divided by 2/(-7) + k/28.
17
Suppose -5*j + 47 = -18. Let i = 172 + -170. Suppose -3*s + 106 = i*l, -4*s - 4*l + 98 = -s. What is the remainder when s is divided by j?
12
Let l(x) = -5*x**2 + 121*x - 205. Suppose -2*t + 246 = t. What is the remainder when t is divided by l(2)?
14
Suppose -4*h + 1137 - 453 = 0. Suppose -i + h = 46. Let k = -20 - -52. What is the remainder when i is divided by k?
29
Suppose -3*m = 25*m - 3*m - 33500. What is the remainder when m is divided by 17?
14
Suppose q - 2*r = 12, -r - 15 = 2*r. Let a = 14 + -7. Calculate the remainder when -1*134/(-3) - q/(-6) is divided by a.
3
Suppose -9*a - 12 = -12*a. Suppose 3*h + 275 + 103 = -2*x, -a*h = 5*x + 938. Let u = x - -282. What is the remainder when u is divided by 33?
30
Let n(i) = -i**3 - 26*i**2 + 287*i - 189. What is the remainder when n(-35) is divided by 52?
11
Let x = 5199 - 4864. What is the remainder when x is divided by 78?
23
Let o = 252 + -180. What is the remainder when 287 is divided by o?
71
Suppose 2*i + 782 = 4*k, -188 = -k - i + 12. Let x = k - 168. Let z(b) = b**2 + 4*b - 5. What is the remainder when z(-10) is divided by x?
26
Let g = -2782 + 4421. What is the remainder when g is divided by 808?
23
Suppose -146 + 681 = -5*h. Let v = -72 - h. Calculate the remainder when v is divided by 15.
5
Let o = -3466 - -3495. What is the remainder when 579 is divided by o?
28
Let m = -33 + 35. Suppose -4*z = -m*w + 6, -2*w - 2 = -w - z. Let l = w - -29. What is the remainder when 87 is divided by l?
21
Suppose -26*z + 27*z + 9*f = 45, z - 55 = -4*f. Calculate the remainder when 191 is divided by z.
2
Let n be 3 + 425 + 7 + -3. Suppose -9*q + n = 90. Let f = -19 + 32. What is the remainder when q is divided by f?
12
Let y be 1/((-2 - 1)/(-15)). Suppose 0*k = -y*k + 65. Calculate the remainder when 68 is divided by 236/k + 16/(-104).
14
Let k(c) = c**2 - 5*c - 30. Let z be k(9). Suppose z*p - 527 = -11*p. What is the remainder when p is divided by 12?
7
Let m be (4368/(-36))/((-4)/6). Let f = -170 + m. Calculate the remainder when 17 is divided by f.
5
Suppose 26*v - 4*o - 57680 = 22*v, 2*v + 2*o = 28872. Calculate the remainder when v is divided by 78.
76
Let k(c) = c**2 + 7*c + 14. Let p be k(-4). Suppose 5*d + 5*n + 0*n - 25 = 0, -p*d - 5*n = -19. What is the remainder when d*8/(-16) + 26*2 is divided by 9?
6
Suppose 2*n = -n + 1143. Let w = n - 113. Suppose -5*f + 212 = 3*z, 3*f = -4*z - 0*f + w. What is the remainder when z is divided by 27?
10
Suppose -p + 33 = -s, -3*p - 56*s + 54*s = -114. What is the remainder when 681 is divided by p?
33
Let i be (-2)/(-1)*1/2. Suppose 0*y = 2*y - 20. Calculate the remainder when i + 4 + 18 + 2 is divided by y.
5
Let o = 4032 - 3994. What is the remainder when 794 is divided by o?
34
Let h = 212 + -128. Calculate the remainder when ((-42)/h)/(1/(-144)) is divided by 25.
22
Let k = -762 - -1063. Calculate the remainder when k is divided by 39.
28
Let r = 5374 + -5339. Calculate the remainder when r is divided by 12.
11
Let s be ((-21)/7)/(3/(-2)). What is the remainder when ((-16)/(-12))/(s/150) is divided by 26?
22
Suppose 12*s + 1040 = 22*s. Let i = s - 101. Suppose -i*b + 90 = 3*y, 3*b - 84 = 2*y + y. Calculate the remainder when b is divided by 4.
1
Let a = -69 + 133. Let h = a + -102. Let r = h - -56. What is the remainder when 71 is divided by r?
17
Let q = -16490 - -16623. What is the remainder when 844 is divided by q?
46
Suppose 5*y - 4*y - 5 = 0, 2*n = 2*y + 8950. Suppose -2*p - r + 21 = 0, 5*p + r - 5 - 49 = 0. What is the remainder when n/150 + (-2)/(-15) is divided by p?
8
Let l = -921972 - -922370. What is the remainder when l is divided by (-3 - -2) + (17 - 0)?
14
Let t = 421 - 251. Let z(a) = -2*a + 3. Let o be z(-1). Suppose 0 = -4*l - 2*j + 130, -4*l + t = l - o*j. What is the remainder when l is divided by 12?
9
Suppose -3*s + l - 12 = 4*l, 0 = -3*s - 4*l - 14. Calculate the